git of 1287482885?
8
What is the ten thousands digit of 164968667?
6
What is the ten thousands digit of 24474668?
7
What is the hundred thousands digit of 27710545?
7
What is the units digit of 467606546?
6
What is the tens digit of 25807172?
7
What is the hundreds digit of 415480668?
6
What is the tens digit of 45674697?
9
What is the units digit of 939614988?
8
What is the ten millions digit of 205366753?
0
What is the units digit of 282669212?
2
What is the ten millions digit of 42174505?
4
What is the millions digit of 621254444?
1
What is the ten thousands digit of 18810510?
1
What is the hundred millions digit of 244469327?
2
What is the ten millions digit of 2581131930?
8
What is the thousands digit of 103987722?
7
What is the ten millions digit of 66597366?
6
What is the tens digit of 215678637?
3
What is the hundred thousands digit of 216130799?
1
What is the hundreds digit of 35495690?
6
What is the hundreds digit of 841893996?
9
What is the ten thousands digit of 28730400?
3
What is the hundred millions digit of 851845672?
8
What is the units digit of 342825445?
5
What is the thousands digit of 1375621676?
1
What is the tens digit of 55831588?
8
What is the tens digit of 293318960?
6
What is the millions digit of 205907644?
5
What is the thousands digit of 182799540?
9
What is the hundreds digit of 1932834278?
2
What is the ten millions digit of 875854642?
7
What is the millions digit of 274080841?
4
What is the ten millions digit of 728959125?
2
What is the ten thousands digit of 2240947779?
4
What is the hundred thousands digit of 191670204?
6
What is the units digit of 178669574?
4
What is the units digit of 101864926?
6
What is the ten millions digit of 2656191147?
5
What is the tens digit of 43497865?
6
What is the millions digit of 417718874?
7
What is the hundred millions digit of 329846099?
3
What is the units digit of 449992740?
0
What is the ten millions digit of 4301042558?
0
What is the ten thousands digit of 564578345?
7
What is the ten thousands digit of 1561666354?
6
What is the thousands digit of 90923241?
3
What is the millions digit of 1563183322?
3
What is the ten thousands digit of 85010127?
1
What is the thousands digit of 132997788?
7
What is the hundred millions digit of 775345056?
7
What is the hundreds digit of 6072050698?
6
What is the ten thousands digit of 60180257?
8
What is the tens digit of 31000918?
1
What is the ten thousands digit of 352173690?
7
What is the thousands digit of 921611492?
1
What is the ten thousands digit of 2584124658?
2
What is the ten millions digit of 416925761?
1
What is the millions digit of 44738091?
4
What is the units digit of 74773510?
0
What is the tens digit of 97705483?
8
What is the thousands digit of 20591694?
1
What is the ten thousands digit of 2100802764?
0
What is the billions digit of 1100169878?
1
What is the tens digit of 34795058?
5
What is the ten millions digit of 318713780?
1
What is the hundred millions digit of 5415928106?
4
What is the units digit of 1125842177?
7
What is the units digit of 541255003?
3
What is the ten millions digit of 709958452?
0
What is the hundred thousands digit of 127882735?
8
What is the ten millions digit of 43719344?
4
What is the ten thousands digit of 38205059?
0
What is the units digit of 993763429?
9
What is the hundreds digit of 60030053?
0
What is the tens digit of 479429138?
3
What is the ten thousands digit of 162753323?
5
What is the hundred millions digit of 191143785?
1
What is the thousands digit of 198325858?
5
What is the millions digit of 34492480?
4
What is the hundred thousands digit of 6679837541?
8
What is the tens digit of 3224708934?
3
What is the thousands digit of 3976687?
6
What is the units digit of 266982771?
1
What is the hundreds digit of 1765941384?
3
What is the ten thousands digit of 25731908?
3
What is the ten thousands digit of 8512824?
1
What is the units digit of 4058171493?
3
What is the thousands digit of 19270346?
0
What is the tens digit of 185875601?
0
What is the thousands digit of 3850933789?
3
What is the units digit of 37928480?
0
What is the hundreds digit of 109276256?
2
What is the ten thousands digit of 3049111328?
1
What is the hundreds digit of 40316457?
4
What is the thousands digit of 1838576647?
6
What is the thousands digit of 5468404300?
4
What is the ten millions digit of 975135204?
7
What is the hundreds digit of 793360934?
9
What is the units digit of 710434642?
2
What is the hundreds digit of 35213828?
8
What is the ten thousands digit of 5370003124?
0
What is the hundred millions digit of 140706982?
1
What is the ten thousands digit of 499908352?
0
What is the thousands digit of 81750669?
0
What is the tens digit of 62309096?
9
What is the ten millions digit of 57827284?
5
What is the units digit of 208019355?
5
What is the ten millions digit of 1091632719?
9
What is the tens digit of 245998559?
5
What is the millions digit of 367136481?
7
What is the millions digit of 6634262?
6
What is the ten thousands digit of 92815022?
1
What is the ten thousands digit of 96383332?
8
What is the millions digit of 156250758?
6
What is the billions digit of 3418145418?
3
What is the hundreds digit of 3408288?
2
What is the hundreds digit of 863990588?
5
What is the units digit of 41498343?
3
What is the hundred thousands digit of 178613275?
6
What is the hundreds digit of 43786863?
8
What is the ten thousands digit of 42889633?
8
What is the ten thousands digit of 88911082?
1
What is the millions digit of 159912670?
9
What is the ten thousands digit of 201943394?
4
What is the tens digit of 128138338?
3
What is the thousands digit of 47373938?
3
What is the hundreds digit of 430052101?
1
What is the tens digit of 131571381?
8
What is the hundred thousands digit of 12706351?
7
What is the thousands digit of 288280385?
0
What is the ten millions digit of 324086296?
2
What is the ten millions digit of 683115092?
8
What is the hundred thousands digit of 1771600395?
6
What is the units digit of 1480859423?
3
What is the ten millions digit of 1780686351?
8
What is the hundred thousands digit of 51700272?
7
What is the tens digit of 5626825844?
4
What is the thousands digit of 1006460528?
0
What is the tens digit of 4967442280?
8
What is the hundred thousands digit of 1026511781?
5
What is the units digit of 49671231?
1
What is the hundreds digit of 33631150?
1
What is the ten thousands digit of 61040437?
4
What is the hundreds digit of 67801296?
2
What is the tens digit of 20728172?
7
What is the tens digit of 33515261?
6
What is the tens digit of 8562958?
5
What is the hundreds digit of 11838151?
1
What is the hundred millions digit of 934671442?
9
What is the ten thousands digit of 4597403926?
0
What is the hundreds digit of 91254517?
5
What is the units digit of 2454537885?
5
What is the hundreds digit of 1212703402?
4
What is the ten thousands digit of 64923497?
2
What is the hundreds digit of 1144965948?
9
What is the hundred thousands digit of 60232682?
2
What is the units digit of 113099454?
4
What is the ten millions digit of 1117370968?
1
What is the millions digit of 1840697756?
0
What is the tens digit of 106298004?
0
What is the hundreds digit of 491425862?
8
What is the units digit of 332145739?
9
What is the units digit of 9996297?
7
What is the thousands digit of 318602957?
2
What is the hundred thousands digit of 65501641?
5
What is the hundreds digit of 248355702?
7
What is the tens digit of 80701272?
7
What is the hundreds digit of 1133886610?
6
What is the hundreds digit of 123340093?
0
What is the units digit of 45694703?
3
What is the millions digit of 25684509?
5
What is the hundred millions digit of 365802496?
3
What is the thousands digit of 71074794?
4
What is the units digit of 5440416451?
1
What is the hundred thousands digit of 271465329?
4
What is the hundred thousands digit of 20737463?
7
What is the hundred thousands digit of 31847536?
8
What is the hundred millions digit of 2640228603?
6
What is the ten thousands digit of 1666709224?
0
What is the hundred millions digit of 1164260794?
1
What is the tens digit of 459362772?
7
What is the hundreds digit of 45833820?
8
What is the units digit of 375953258?
8
What is the hundreds digit of 118568846?
8
What 